{"id":284,"date":"2016-03-31T16:17:15","date_gmt":"2016-03-31T16:17:15","guid":{"rendered":"http:\/\/eigonhotel.com\/?page_id=284"},"modified":"2017-12-06T08:57:55","modified_gmt":"2017-12-06T08:57:55","slug":"el-hotel","status":"publish","type":"page","link":"https:\/\/eigonhotel.com\/en\/el-hotel\/","title":{"rendered":"About Eig\u00f3n"},"content":{"rendered":"<p>[vc_row css=&#8221;.vc_custom_1479898636546{margin-bottom: 0px !important;}&#8221;][vc_column width=&#8221;1\/2&#8243; css=&#8221;.vc_custom_1479142041841{padding-top: 40px !important;}&#8221;][vc_column_text]<\/p>\n<p style=\"text-align: left;\">Bienvenido a tu rinc\u00f3n en el coraz\u00f3n del Parque Nacional de los Picos de Europa dentro del Valle de Valde\u00f3n.<\/p>\n<p>[\/vc_column_text][\/vc_column][vc_column width=&#8221;1\/2&#8243;][vc_single_image image=&#8221;480&#8243; img_size=&#8221;large&#8221;][\/vc_column][\/vc_row][vc_row css=&#8221;.vc_custom_1479898613960{margin-bottom: 0px !important;}&#8221;][vc_column width=&#8221;1\/2&#8243; css=&#8221;.vc_custom_1479900341734{padding-right: 0px !important;}&#8221; el_class=&#8221;vertical&#8221;][vc_single_image image=&#8221;362&#8243; img_size=&#8221;large&#8221;][\/vc_column][vc_column width=&#8221;1\/2&#8243; css=&#8221;.vc_custom_1479900354298{padding-left: 0px !important;background-color: #e3ebd9 !important;}&#8221;][vc_column_text css=&#8221;.vc_custom_1490200311032{padding-top: 200px !important;padding-right: 60px !important;padding-bottom: 100px !important;padding-left: 40px !important;}&#8221; el_class=&#8221;texto&#8221;]Encontrar\u00e1s un espacio r\u00fastico, org\u00e1nico y moderno dentro de una construcci\u00f3n comprometida con el entorno y que utiliza energ\u00edas renovables.[\/vc_column_text][\/vc_column][\/vc_row][vc_row css=&#8221;.vc_custom_1478722197996{margin-bottom: 0px !important;}&#8221;][vc_column width=&#8221;1\/2&#8243; css=&#8221;.vc_custom_1479900562697{padding-right: 0px !important;padding-left: 0px !important;background-color: #605f45 !important;}&#8221;][vc_column_text css=&#8221;.vc_custom_1490293249818{padding-top: 200px !important;padding-right: 40px !important;padding-bottom: 100px !important;padding-left: 40px !important;}&#8221; el_class=&#8221;texto&#8221;]Mas que un hotel, nos gustar\u00eda que al llegar sintieses que es un hogar chiquitito de solo ocho habitaciones en el que puedes recibir una atenci\u00f3n mas familiar.[\/vc_column_text][\/vc_column][vc_column width=&#8221;1\/2&#8243; css=&#8221;.vc_custom_1479900436355{padding-right: 0px !important;padding-left: 0px !important;}&#8221; el_class=&#8221;vertical&#8221;][vc_single_image image=&#8221;483&#8243; img_size=&#8221;large&#8221; alignment=&#8221;right&#8221;][\/vc_column][\/vc_row]<\/p>","protected":false},"excerpt":{"rendered":"<p>[vc_row css=&#8221;.vc_custom_1479898636546{margin-bottom: 0px !important;}&#8221;][vc_column width=&#8221;1\/2&#8243; css=&#8221;.vc_custom_1479142041841{padding-top: 40px !important;}&#8221;][vc_column_text] Bienvenido a tu rinc\u00f3n en el coraz\u00f3n del Parque Nacional de los Picos de Europa dentro del Valle de Valde\u00f3n. [\/vc_column_text][\/vc_column][vc_column width=&#8221;1\/2&#8243;][vc_single_image image=&#8221;480&#8243; img_size=&#8221;large&#8221;][\/vc_column][\/vc_row][vc_row css=&#8221;.vc_custom_1479898613960{margin-bottom: 0px !important;}&#8221;][vc_column width=&#8221;1\/2&#8243; css=&#8221;.vc_custom_1479900341734{padding-right: 0px !important;}&#8221; el_class=&#8221;vertical&#8221;][vc_single_image image=&#8221;362&#8243; img_size=&#8221;large&#8221;][\/vc_column][vc_column width=&#8221;1\/2&#8243; css=&#8221;.vc_custom_1479900354298{padding-left: 0px !important;background-color: #e3ebd9 !important;}&#8221;][vc_column_text css=&#8221;.vc_custom_1490200311032{padding-top: 200px !important;padding-right: 60px !important;padding-bottom: 100px !important;padding-left: [&hellip;]<\/p>\n","protected":false},"author":1,"featured_media":0,"parent":0,"menu_order":0,"comment_status":"closed","ping_status":"closed","template":"templates\/fullwidth-template.php","meta":{"footnotes":""},"_links":{"self":[{"href":"https:\/\/eigonhotel.com\/en\/wp-json\/wp\/v2\/pages\/284"}],"collection":[{"href":"https:\/\/eigonhotel.com\/en\/wp-json\/wp\/v2\/pages"}],"about":[{"href":"https:\/\/eigonhotel.com\/en\/wp-json\/wp\/v2\/types\/page"}],"author":[{"embeddable":true,"href":"https:\/\/eigonhotel.com\/en\/wp-json\/wp\/v2\/users\/1"}],"replies":[{"embeddable":true,"href":"https:\/\/eigonhotel.com\/en\/wp-json\/wp\/v2\/comments?post=284"}],"version-history":[{"count":33,"href":"https:\/\/eigonhotel.com\/en\/wp-json\/wp\/v2\/pages\/284\/revisions"}],"predecessor-version":[{"id":818,"href":"https:\/\/eigonhotel.com\/en\/wp-json\/wp\/v2\/pages\/284\/revisions\/818"}],"wp:attachment":[{"href":"https:\/\/eigonhotel.com\/en\/wp-json\/wp\/v2\/media?parent=284"}],"curies":[{"name":"wp","href":"https:\/\/api.w.org\/{rel}","templated":true}]}}

About Eigón

<p>[vc_row css=&#8221;.vc_custom_1479898636546{margin-bottom: 0px !important;}&#8221;][vc_column width=&#8221;1/2&#8243; css=&#8221;.vc_custom_1479142041841{padding-top: 40px !important;}&#8221;][vc_column_text]</p>
<p style="text-align: left;">Bienvenido a tu rincón en el corazón del Parque Nacional de los Picos de Europa dentro del Valle de Valdeón.</p>
<p>[/vc_column_text][/vc_column][vc_column width=&#8221;1/2&#8243;][vc_single_image image=&#8221;480&#8243; img_size=&#8221;large&#8221;][/vc_column][/vc_row][vc_row css=&#8221;.vc_custom_1479898613960{margin-bottom: 0px !important;}&#8221;][vc_column width=&#8221;1/2&#8243; css=&#8221;.vc_custom_1479900341734{padding-right: 0px !important;}&#8221; el_class=&#8221;vertical&#8221;][vc_single_image image=&#8221;362&#8243; img_size=&#8221;large&#8221;][/vc_column][vc_column width=&#8221;1/2&#8243; css=&#8221;.vc_custom_1479900354298{padding-left: 0px !important;background-color: #e3ebd9 !important;}&#8221;][vc_column_text css=&#8221;.vc_custom_1490200311032{padding-top: 200px !important;padding-right: 60px !important;padding-bottom: 100px !important;padding-left: 40px !important;}&#8221; el_class=&#8221;texto&#8221;]Encontrarás un espacio rústico, orgánico y moderno dentro de una construcción comprometida con el entorno y que utiliza energías renovables.[/vc_column_text][/vc_column][/vc_row][vc_row css=&#8221;.vc_custom_1478722197996{margin-bottom: 0px !important;}&#8221;][vc_column width=&#8221;1/2&#8243; css=&#8221;.vc_custom_1479900562697{padding-right: 0px !important;padding-left: 0px !important;background-color: #605f45 !important;}&#8221;][vc_column_text css=&#8221;.vc_custom_1490293249818{padding-top: 200px !important;padding-right: 40px !important;padding-bottom: 100px !important;padding-left: 40px !important;}&#8221; el_class=&#8221;texto&#8221;]Mas que un hotel, nos gustaría que al llegar sintieses que es un hogar chiquitito de solo ocho habitaciones en el que puedes recibir una atención mas familiar.[/vc_column_text][/vc_column][vc_column width=&#8221;1/2&#8243; css=&#8221;.vc_custom_1479900436355{padding-right: 0px !important;padding-left: 0px !important;}&#8221; el_class=&#8221;vertical&#8221;][vc_single_image image=&#8221;483&#8243; img_size=&#8221;large&#8221; alignment=&#8221;right&#8221;][/vc_column][/vc_row]</p>

<p>[vc_row css=&#8221;.vc_custom_1479898636546{margin-bottom: 0px !important;}&#8221;][vc_column width=&#8221;1/2&#8243; css=&#8221;.vc_custom_1479142041841{padding-top: 40px !important;}&#8221;][vc_column_text] Bienvenido a tu rincón en el corazón del Parque Nacional de los Picos de Europa dentro del Valle de Valdeón. [/vc_column_text][/vc_column][vc_column width=&#8221;1/2&#8243;][vc_single_image image=&#8221;480&#8243; img_size=&#8221;large&#8221;][/vc_column][/vc_row][vc_row css=&#8221;.vc_custom_1479898613960{margin-bottom: 0px !important;}&#8221;][vc_column width=&#8221;1/2&#8243; css=&#8221;.vc_custom_1479900341734{padding-right: 0px !important;}&#8221; el_class=&#8221;vertical&#8221;][vc_single_image image=&#8221;362&#8243; img_size=&#8221;large&#8221;][/vc_column][vc_column width=&#8221;1/2&#8243; css=&#8221;.vc_custom_1479900354298{padding-left: 0px !important;background-color: #e3ebd9 !important;}&#8221;][vc_column_text css=&#8221;.vc_custom_1490200311032{padding-top: 200px !important;padding-right: 60px !important;padding-bottom: 100px !important;padding-left: [&hellip;]</p>
